{"id":2,"date":"2021-09-02T22:04:18","date_gmt":"2021-09-02T20:04:18","guid":{"rendered":"http:\/\/juliettecome.fr\/?page_id=2"},"modified":"2023-11-02T14:02:31","modified_gmt":"2023-11-02T13:02:31","slug":"accueil","status":"publish","type":"page","link":"https:\/\/www.juliettecome.fr\/","title":{"rendered":"Accueil"},"content":{"rendered":"\n<div class=\"wp-block-group\"><div class=\"wp-block-group__inner-container is-layout-flow wp-block-group-is-layout-flow\">\n<pre class=\"wp-block-verse has-normal-font-size\">Parce que chaque probl\u00e8me m\u00e9rite une solution, je vous propose un suivi psychologique orient\u00e9 vers <strong>la r\u00e9solution de probl\u00e8me.<\/strong>\n\nLa th\u00e9rapie br\u00e8ve consiste \u00e0 comprendre ce qui se passe<strong> ici et maintenant<\/strong> et ce qui am\u00e8ne de la souffrance. Comprendre aussi <strong>qui<\/strong> intervient dans le probl\u00e8me et <strong>comment<\/strong>.\n\nJe vous aide \u00e0 trouver des<strong> solutions concr\u00e8tes et efficaces <\/strong>pour soulager vos souffrances. Ensemble nous mettons en \u0153uvre une <strong>nouvelle strat\u00e9gie<\/strong>: vous \u00eates acteur du <strong>changement<\/strong>.\n\n\n<strong>Adultes\/ Adolescents\/ Enfants<\/strong>\n<\/pre>\n\n\n\n<p><\/p>\n<\/div><\/div>\n","protected":false},"excerpt":{"rendered":"<p>Parce que chaque probl\u00e8me m\u00e9rite une solution, je vous propose un suivi psychologique orient\u00e9 vers la r\u00e9solution de probl\u00e8me. La th\u00e9rapie br\u00e8ve consiste \u00e0 comprendre ce qui se passe ici et maintenant et ce qui am\u00e8ne de la souffrance. Comprendre aussi qui intervient dans le probl\u00e8me et comment. Je vous aide \u00e0 trouver des solutions&hellip; <a class=\"more-link\" href=\"https:\/\/www.juliettecome.fr\/\">Poursuivre la lecture <span class=\"screen-reader-text\">Accueil<\/span><\/a><\/p>\n","protected":false},"author":1,"featured_media":0,"parent":0,"menu_order":0,"comment_status":"closed","ping_status":"closed","template":"","meta":{"footnotes":""},"class_list":["post-2","page","type-page","status-publish","hentry","entry"],"_links":{"self":[{"href":"https:\/\/www.juliettecome.fr\/index.php\/wp-json\/wp\/v2\/pages\/2","targetHints":{"allow":["GET"]}}],"collection":[{"href":"https:\/\/www.juliettecome.fr\/index.php\/wp-json\/wp\/v2\/pages"}],"about":[{"href":"https:\/\/www.juliettecome.fr\/index.php\/wp-json\/wp\/v2\/types\/page"}],"author":[{"embeddable":true,"href":"https:\/\/www.juliettecome.fr\/index.php\/wp-json\/wp\/v2\/users\/1"}],"replies":[{"embeddable":true,"href":"https:\/\/www.juliettecome.fr\/index.php\/wp-json\/wp\/v2\/comments?post=2"}],"version-history":[{"count":13,"href":"https:\/\/www.juliettecome.fr\/index.php\/wp-json\/wp\/v2\/pages\/2\/revisions"}],"predecessor-version":[{"id":153,"href":"https:\/\/www.juliettecome.fr\/index.php\/wp-json\/wp\/v2\/pages\/2\/revisions\/153"}],"wp:attachment":[{"href":"https:\/\/www.juliettecome.fr\/index.php\/wp-json\/wp\/v2\/media?parent=2"}],"curies":[{"name":"wp","href":"https:\/\/api.w.org\/{rel}","templated":true}]}}